{"id":92,"date":"2013-08-21T22:43:00","date_gmt":"2013-08-21T20:43:00","guid":{"rendered":"http:\/\/www.holstenschule.de\/info\/?page_id=92"},"modified":"2025-09-07T13:58:52","modified_gmt":"2025-09-07T11:58:52","slug":"schulleitung","status":"publish","type":"page","link":"https:\/\/www.holstenschule.de\/info\/schulleitung\/","title":{"rendered":"Schulleitung"},"content":{"rendered":"\n<figure class=\"wp-block-gallery has-nested-images columns-default is-cropped wp-block-gallery-1 is-layout-flex wp-block-gallery-is-layout-flex\">\n<figure class=\"wp-block-image size-large\"><img loading=\"lazy\" decoding=\"async\" width=\"896\" height=\"597\" data-id=\"22980\" src=\"https:\/\/www.holstenschule.de\/info\/wp-content\/uploads\/2025\/09\/schulleitung205-896x597.jpg\" alt=\"\" class=\"wp-image-22980\" srcset=\"https:\/\/www.holstenschule.de\/info\/wp-content\/uploads\/2025\/09\/schulleitung205-896x597.jpg 896w, https:\/\/www.holstenschule.de\/info\/wp-content\/uploads\/2025\/09\/schulleitung205-400x267.jpg 400w, https:\/\/www.holstenschule.de\/info\/wp-content\/uploads\/2025\/09\/schulleitung205-768x512.jpg 768w, https:\/\/www.holstenschule.de\/info\/wp-content\/uploads\/2025\/09\/schulleitung205-1536x1024.jpg 1536w, https:\/\/www.holstenschule.de\/info\/wp-content\/uploads\/2025\/09\/schulleitung205-2048x1365.jpg 2048w\" sizes=\"auto, (max-width: 896px) 100vw, 896px\" \/><\/figure>\n<\/figure>\n\n\n\n<p><\/p>\n\n\n\n<p class=\"uneven\"><strong>Andrea Tensfeldt<\/strong> &#8211; Oberstufenleitung (erste Reihe links)<br \/><strong>F\u00e4cher:<\/strong> Biologie, Chemie<\/p>\n\n\n\n<p class=\"even\"><strong>Judith Alina Sa\u00df<\/strong> &#8211; Orientierungsstufenleitung (erste Reihe Mitte)<br \/><strong>F\u00e4cher:<\/strong> Deutsch, Mathematik<\/p>\n\n\n\n<p class=\"uneven\"><strong>Birgit Heyen<\/strong> &#8211; stellvertretende Schulleiterin (erste Reihe rechts)<br \/><strong>F\u00e4cher:<\/strong> Franz\u00f6sisch, Mathematik<\/p>\n\n\n\n<p class=\"even\"><strong>Mathias Kadow-Leder <\/strong>&#8211; Schulleiter (zweite Reihe links)<br \/><strong>F\u00e4cher:<\/strong> Deutsch, Geschichte<\/p>\n\n\n\n<p class=\"uneven\"><strong>Andreas Pl\u00fcg<\/strong> &#8211; Mittelstufenleitung (zweite Reihe rechts)<br \/><strong>F\u00e4cher:<\/strong> Englisch, Sport<\/p>\n\n\n\n<p class=\"even\"><strong>Dr. Julia Richter <\/strong>&#8211; Koordinatorin (nicht auf dem Bild)<br \/><strong>F\u00e4cher:<\/strong> Deutsch, Geographie, Portugiesisch, DaZ<\/p>\n\n\n\n<p><\/p>\n\n\n\n<div style=\"height:20px\" aria-hidden=\"true\" class=\"wp-block-spacer\"><\/div>\n\n\n\n\n\n<p>Kontaktieren Sie die Schulleitung gern \u00fcber das Sekretariat oder \u00fcber das Kontaktformular:<\/p>\n\n\n\n<p><strong>Telefon:<\/strong> (04321) 942 4160<br \/><strong>E-Mail:<\/strong>&nbsp;holstenschule(at)neumuenster.de<\/p>\n\n\n\n<p><a href=\"https:\/\/www.holstenschule.de\/info\/kontakt\/\"><strong>Zum Kontaktformular<\/strong><\/a><\/p>\n","protected":false},"excerpt":{"rendered":"<p>Andrea Tensfeldt &#8211; Oberstufenleitung (erste Reihe links)F\u00e4cher: Biologie, Chemie Judith Alina Sa\u00df &#8211; Orientierungsstufenleitung (erste Reihe Mitte)F\u00e4cher: Deutsch, Mathematik Birgit Heyen &#8211; stellvertretende Schulleiterin (erste Reihe rechts)F\u00e4cher: Franz\u00f6sisch, Mathematik Mathias Kadow-Leder &#8211; Schulleiter (zweite Reihe links)F\u00e4cher: Deutsch, Geschichte Andreas Pl\u00fcg &#8211; Mittelstufenleitung (zweite Reihe rechts)F\u00e4cher: Englisch, Sport Dr. Julia Richter &#8211; Koordinatorin (nicht auf dem [&hellip;]<\/p>\n","protected":false},"author":1,"featured_media":0,"parent":0,"menu_order":0,"comment_status":"closed","ping_status":"closed","template":"page_schulgemeinschaft.php","meta":{"_uag_custom_page_level_css":"","advgb_blocks_editor_width":"","advgb_blocks_columns_visual_guide":"","footnotes":""},"class_list":["post-92","page","type-page","status-publish","hentry"],"uagb_featured_image_src":{"full":false,"thumbnail":false,"medium":false,"medium_large":false,"large":false,"1536x1536":false,"2048x2048":false},"uagb_author_info":{"display_name":"","author_link":"https:\/\/www.holstenschule.de\/info\/author\/"},"uagb_comment_info":0,"uagb_excerpt":"Andrea Tensfeldt &#8211; Oberstufenleitung (erste Reihe links)F\u00e4cher: Biologie, Chemie Judith Alina Sa\u00df &#8211; Orientierungsstufenleitung (erste Reihe Mitte)F\u00e4cher: Deutsch, Mathematik Birgit Heyen &#8211; stellvertretende Schulleiterin (erste Reihe rechts)F\u00e4cher: Franz\u00f6sisch, Mathematik Mathias Kadow-Leder &#8211; Schulleiter (zweite Reihe links)F\u00e4cher: Deutsch, Geschichte Andreas Pl\u00fcg &#8211; Mittelstufenleitung (zweite Reihe rechts)F\u00e4cher: Englisch, Sport Dr. Julia Richter &#8211; Koordinatorin (nicht auf dem&hellip;","coauthors":[],"author_meta":{"author_link":"https:\/\/www.holstenschule.de\/info\/author\/","display_name":""},"relative_dates":{"created":"Posted 13\u00a0Jahren ago","modified":"Updated 8\u00a0Monaten ago"},"absolute_dates":{"created":"Posted on 21. August 2013","modified":"Updated on 7. September 2025"},"absolute_dates_time":{"created":"Posted on 21. August 2013 22:43","modified":"Updated on 7. September 2025 13:58"},"featured_img_caption":"","featured_img":false,"series_order":"","_links":{"self":[{"href":"https:\/\/www.holstenschule.de\/info\/wp-json\/wp\/v2\/pages\/92","targetHints":{"allow":["GET"]}}],"collection":[{"href":"https:\/\/www.holstenschule.de\/info\/wp-json\/wp\/v2\/pages"}],"about":[{"href":"https:\/\/www.holstenschule.de\/info\/wp-json\/wp\/v2\/types\/page"}],"author":[{"embeddable":true,"href":"https:\/\/www.holstenschule.de\/info\/wp-json\/wp\/v2\/users\/1"}],"replies":[{"embeddable":true,"href":"https:\/\/www.holstenschule.de\/info\/wp-json\/wp\/v2\/comments?post=92"}],"version-history":[{"count":21,"href":"https:\/\/www.holstenschule.de\/info\/wp-json\/wp\/v2\/pages\/92\/revisions"}],"predecessor-version":[{"id":22986,"href":"https:\/\/www.holstenschule.de\/info\/wp-json\/wp\/v2\/pages\/92\/revisions\/22986"}],"wp:attachment":[{"href":"https:\/\/www.holstenschule.de\/info\/wp-json\/wp\/v2\/media?parent=92"}],"curies":[{"name":"wp","href":"https:\/\/api.w.org\/{rel}","templated":true}]}}

<figure class="wp-block-gallery has-nested-images columns-default is-cropped wp-block-gallery-1 is-layout-flex wp-block-gallery-is-layout-flex">
<figure class="wp-block-image size-large"><img loading="lazy" decoding="async" width="896" height="597" data-id="22980" src="https://www.holstenschule.de/info/wp-content/uploads/2025/09/schulleitung205-896x597.jpg" alt="" class="wp-image-22980" srcset="https://www.holstenschule.de/info/wp-content/uploads/2025/09/schulleitung205-896x597.jpg 896w, https://www.holstenschule.de/info/wp-content/uploads/2025/09/schulleitung205-400x267.jpg 400w, https://www.holstenschule.de/info/wp-content/uploads/2025/09/schulleitung205-768x512.jpg 768w, https://www.holstenschule.de/info/wp-content/uploads/2025/09/schulleitung205-1536x1024.jpg 1536w, https://www.holstenschule.de/info/wp-content/uploads/2025/09/schulleitung205-2048x1365.jpg 2048w" sizes="auto, (max-width: 896px) 100vw, 896px" /></figure>
</figure>



<p></p>



<p class="uneven"><strong>Andrea Tensfeldt</strong> &#8211; Oberstufenleitung (erste Reihe links)<br /><strong>Fächer:</strong> Biologie, Chemie</p>



<p class="even"><strong>Judith Alina Saß</strong> &#8211; Orientierungsstufenleitung (erste Reihe Mitte)<br /><strong>Fächer:</strong> Deutsch, Mathematik</p>



<p class="uneven"><strong>Birgit Heyen</strong> &#8211; stellvertretende Schulleiterin (erste Reihe rechts)<br /><strong>Fächer:</strong> Französisch, Mathematik</p>



<p class="even"><strong>Mathias Kadow-Leder </strong>&#8211; Schulleiter (zweite Reihe links)<br /><strong>Fächer:</strong> Deutsch, Geschichte</p>



<p class="uneven"><strong>Andreas Plüg</strong> &#8211; Mittelstufenleitung (zweite Reihe rechts)<br /><strong>Fächer:</strong> Englisch, Sport</p>



<p class="even"><strong>Dr. Julia Richter </strong>&#8211; Koordinatorin (nicht auf dem Bild)<br /><strong>Fächer:</strong> Deutsch, Geographie, Portugiesisch, DaZ</p>



<p></p>



<div style="height:20px" aria-hidden="true" class="wp-block-spacer"></div>





<p>Kontaktieren Sie die Schulleitung gern über das Sekretariat oder über das Kontaktformular:</p>



<p><strong>Telefon:</strong> (04321) 942 4160<br /><strong>E-Mail:</strong>&nbsp;holstenschule(at)neumuenster.de</p>



<p><a href="https://www.holstenschule.de/info/kontakt/"><strong>Zum Kontaktformular</strong></a></p>

<p>Andrea Tensfeldt &#8211; Oberstufenleitung (erste Reihe links)Fächer: Biologie, Chemie Judith Alina Saß &#8211; Orientierungsstufenleitung (erste Reihe Mitte)Fächer: Deutsch, Mathematik Birgit Heyen &#8211; stellvertretende Schulleiterin (erste Reihe rechts)Fächer: Französisch, Mathematik Mathias Kadow-Leder &#8211; Schulleiter (zweite Reihe links)Fächer: Deutsch, Geschichte Andreas Plüg &#8211; Mittelstufenleitung (zweite Reihe rechts)Fächer: Englisch, Sport Dr. Julia Richter &#8211; Koordinatorin (nicht auf dem [&hellip;]</p>

Andrea Tensfeldt &#8211; Oberstufenleitung (erste Reihe links)Fächer: Biologie, Chemie Judith Alina Saß &#8211; Orientierungsstufenleitung (erste Reihe Mitte)Fächer: Deutsch, Mathematik Birgit Heyen &#8211; stellvertretende Schulleiterin (erste Reihe rechts)Fächer: Französisch, Mathematik Mathias Kadow-Leder &#8211; Schulleiter (zweite Reihe links)Fächer: Deutsch, Geschichte Andreas Plüg &#8211; Mittelstufenleitung (zweite Reihe rechts)Fächer: Englisch, Sport Dr. Julia Richter &#8211; Koordinatorin (nicht auf dem&hellip;
