{"id":859,"date":"2013-12-18T15:16:08","date_gmt":"2013-12-18T14:16:08","guid":{"rendered":"http:\/\/www.holstenschule.de\/info\/?page_id=859"},"modified":"2025-09-23T11:55:59","modified_gmt":"2025-09-23T09:55:59","slug":"oberstufe","status":"publish","type":"page","link":"https:\/\/www.holstenschule.de\/info\/oberstufe\/","title":{"rendered":"Oberstufe"},"content":{"rendered":"\n<p>140 Sch\u00fclerinnen und Sch\u00fcler besuchen zurzeit unsere Oberstufe, deren Klassenr\u00e4ume sich im Oberstufenzentrum an der Wittorfer Stra\u00dfe befinden. Es gibt drei Parallelklassen im ersten und vier Klassen im zweiten Jahr der Qualifikationsphase. Einen E-Jahrgang haben wir zurzeit nicht, da der erste G9 Jahrgang jetzt die 10. Klasse absolviert.<\/p>\n\n\n\n<p>Das Profilangebot in den beiden Jahrg\u00e4ngen umfasst neben sprachlichen, naturwissenschaftlichen und gesellschaftswissenschaftlichen Profilen auch Kunst- und Sportprofile. Die \u00dcbersicht \u00fcber die aktuell in der Einf\u00fchrungsphase angebotenen Profile (mit den jeweiligen profilgebenden und weiteren F\u00e4chern) und die entsprechenden \u00dcbersichten f\u00fcr die Q1-Klassen und die Q2-Klassen stehen als pdf-Dokument unten auf dieser Seite zur Verf\u00fcgung.  <\/p>\n\n\n\n<figure class=\"wp-block-image size-large\"><img loading=\"lazy\" decoding=\"async\" width=\"673\" height=\"442\" src=\"https:\/\/www.holstenschule.de\/info\/wp-content\/uploads\/2021\/12\/Die-Profiloberstufe-an-der-Holstenschule.jpg\" alt=\"\" class=\"wp-image-18747\" srcset=\"https:\/\/www.holstenschule.de\/info\/wp-content\/uploads\/2021\/12\/Die-Profiloberstufe-an-der-Holstenschule.jpg 673w, https:\/\/www.holstenschule.de\/info\/wp-content\/uploads\/2021\/12\/Die-Profiloberstufe-an-der-Holstenschule-400x263.jpg 400w\" sizes=\"auto, (max-width: 673px) 100vw, 673px\" \/><\/figure>\n\n\n\n<p>Das Profilangebot wird jeweils im Februar \/ M\u00e4rz nach den W\u00fcnschen der Sch\u00fclerinnen und Sch\u00fcler zusammengestellt. Um m\u00f6glichst vielen ein interessantes Angebot machen zu k\u00f6nnen, haben wir in der Vergangenheit auch mehrfach zwei Profile in einer Klasse anbieten k\u00f6nnen, so dass es in den jeweiligen Jahrg\u00e4ngen mehr Profile als Parallelklassen gibt. Neben Sch\u00fclerinnen und Sch\u00fclern, die seit der 5. Klasse zu unserer Schule geh\u00f6ren, besuchen auch viele Sch\u00fclerinnen und Sch\u00fcler, die einen Mittleren Schulabschluss an einer Gemeinschaftsschule absolviert haben, unsere Oberstufe und streben die Fachhochschulreife oder das Abitur an. Eine Bewerbungsfrist gibt es hierf\u00fcr nicht, es hat sich in den vergangenen Jahren aber bew\u00e4hrt, dass interessierte Sch\u00fclerinnen und Sch\u00fcler sich mit ihrem Halbjahreszeugnis der 10. Klasse formlos bewerben, damit sie, wenn ihre Leistungen ein erfolgreiches Arbeiten in der Oberstufe wahrscheinlich machen, fr\u00fchzeitig in die Planung f\u00fcr das neue Schuljahr aufgenommen werden k\u00f6nnen.  <\/p>\n\n\n\n<p>Abschlie\u00dfend sei noch einiges zu den rechtlichen Rahmenbedingungen gesagt, die durch die OAPVO geregelt sind. Der Zugang zu Oberstufe wird m\u00f6glich durch die Versetzung in die gymnasiale Oberstufe oder durch einen qualifizierten Mittleren Schulabschluss. Am Ende der Einf\u00fchrungsphase erfolgt die Versetzung in die Qualifikationsphase, wenn in allen F\u00e4chern mindestens ausreichende Leistungen und in maximal einem Fach mangelhafte Leistungen erbracht worden sind. Nach dem ersten Jahr der Qualifikationsphase wird in der Regel mit den Zeugnisnoten aus den beiden Halbjahren der schulische Teil der Fachhochschulreife erworben. Am Abschluss des 2. Jahres der Qualifikationsphase steht das Abitur, dessen Note sich im Verh\u00e4ltnis 2 zu 1 aus den Vorleistungen der Halbjahreszeugnisse der Qualifikationsphase einerseits und den Ergebnissen der schriftlichen und m\u00fcndlichen Abiturpr\u00fcfung andererseits zusammensetzen.<\/p>\n\n\n\n<h3 class=\"wp-block-heading\">Studienfahrten<\/h3>\n\n\n\n<div class=\"wp-block-media-text alignwide has-media-on-the-right is-stacked-on-mobile\" style=\"grid-template-columns:auto 22%\"><div class=\"wp-block-media-text__content\">\n<p>In der Oberstufe finden am Ende von Q1 oder zu Beginn von Q2 Klassenfahrten mit Profilbezug in das europ\u00e4ische Ausland mit kulturellem (oder auch sportlichem) Programm statt. Die Sch\u00fcler*innen sind aktiv an der Vorbereitung des Programms ihrer Studienreise beteiligt und gestalten dieses vor Ort mit. Barcelona, Lissabon, Rom, Prag, Krakau, die Toskana, Slowenien und der Gardasee seien hier beispielhaft als Ziele der letzten Jahrg\u00e4nge erw\u00e4hnt.  <\/p>\n<\/div><figure class=\"wp-block-media-text__media\"><img loading=\"lazy\" decoding=\"async\" width=\"597\" height=\"896\" src=\"https:\/\/www.holstenschule.de\/info\/wp-content\/uploads\/2019\/11\/studienfahrt2019-597x896.jpg\" alt=\"\" class=\"wp-image-15886 size-full\" srcset=\"https:\/\/www.holstenschule.de\/info\/wp-content\/uploads\/2019\/11\/studienfahrt2019-597x896.jpg 597w, https:\/\/www.holstenschule.de\/info\/wp-content\/uploads\/2019\/11\/studienfahrt2019-267x400.jpg 267w, https:\/\/www.holstenschule.de\/info\/wp-content\/uploads\/2019\/11\/studienfahrt2019.jpg 600w\" sizes=\"auto, (max-width: 597px) 100vw, 597px\" \/><\/figure><\/div>\n\n\n\n\n\n<figure class=\"wp-block-image size-large\"><img loading=\"lazy\" decoding=\"async\" width=\"896\" height=\"644\" src=\"https:\/\/www.holstenschule.de\/info\/wp-content\/uploads\/2023\/12\/exkursion_sportprofil-896x644.jpg\" alt=\"\" class=\"wp-image-20774\" srcset=\"https:\/\/www.holstenschule.de\/info\/wp-content\/uploads\/2023\/12\/exkursion_sportprofil-896x644.jpg 896w, https:\/\/www.holstenschule.de\/info\/wp-content\/uploads\/2023\/12\/exkursion_sportprofil-400x287.jpg 400w, https:\/\/www.holstenschule.de\/info\/wp-content\/uploads\/2023\/12\/exkursion_sportprofil-768x552.jpg 768w, https:\/\/www.holstenschule.de\/info\/wp-content\/uploads\/2023\/12\/exkursion_sportprofil-1536x1103.jpg 1536w, https:\/\/www.holstenschule.de\/info\/wp-content\/uploads\/2023\/12\/exkursion_sportprofil.jpg 2048w\" sizes=\"auto, (max-width: 896px) 100vw, 896px\" \/><\/figure>\n\n\n\n<p class=\"has-text-align-center\">Exkursion des Sportprofils<\/p>\n\n\n\n<p>Weitere Informationen zur Oberstufe und zum Abitur k\u00f6nnen Sie den folgenden PDF-Dokumenten entnehmen.<\/p>\n\n\n\n<div style=\"height:20px\" aria-hidden=\"true\" class=\"wp-block-spacer\"><\/div>\n\n\n\n<h4 class=\"wp-block-heading\">Dateien zum Download:<\/h4>\n\n\n\n<div style=\"height:20px\" aria-hidden=\"true\" class=\"wp-block-spacer\"><\/div>\n\n\n\n<div class=\"wp-block-file\"><a id=\"wp-block-file--media-ae8c508b-4d91-4620-b005-d577df70a3d3\" href=\"https:\/\/www.holstenschule.de\/info\/wp-content\/uploads\/2025\/09\/Profiluebersichten2025_26.pdf\" target=\"_blank\" rel=\"noreferrer noopener\">Profilu\u0308bersichten2025_26<\/a><a href=\"https:\/\/www.holstenschule.de\/info\/wp-content\/uploads\/2025\/09\/Profiluebersichten2025_26.pdf\" class=\"wp-block-file__button wp-element-button\" download aria-describedby=\"wp-block-file--media-ae8c508b-4d91-4620-b005-d577df70a3d3\">Herunterladen<\/a><\/div>\n\n\n\n<div class=\"wp-block-file\"><a id=\"wp-block-file--media-a887a77d-69e2-4de3-99de-e4d26df8d002\" href=\"http:\/\/new2019.holstenschule.de\/wordpress\/wp-content\/uploads\/2019\/11\/Ergebnisse-der-Arbeitsgruppe-Studienfahrten.pdf\">Ergebnisse-der-Arbeitsgruppe-Studienfahrten<\/a><a href=\"http:\/\/new2019.holstenschule.de\/wordpress\/wp-content\/uploads\/2019\/11\/Ergebnisse-der-Arbeitsgruppe-Studienfahrten.pdf\" class=\"wp-block-file__button wp-element-button\" download aria-describedby=\"wp-block-file--media-a887a77d-69e2-4de3-99de-e4d26df8d002\">Herunterladen<\/a><\/div>\n\n\n\n<div class=\"wp-block-file\"><a id=\"wp-block-file--media-e4af07f0-17d1-4aba-88a2-3dfa92422dbc\" href=\"https:\/\/www.holstenschule.de\/info\/wp-content\/uploads\/2023\/12\/FHR_Erwerb_Neu2023.pdf\">Fachhochschulreife-Erwerb-2023<\/a><a href=\"https:\/\/www.holstenschule.de\/info\/wp-content\/uploads\/2023\/12\/FHR_Erwerb_Neu2023.pdf\" class=\"wp-block-file__button wp-element-button\" download aria-describedby=\"wp-block-file--media-e4af07f0-17d1-4aba-88a2-3dfa92422dbc\">Herunterladen<\/a><\/div>\n\n\n\n<div class=\"wp-block-file\"><a id=\"wp-block-file--media-8f42177d-f805-4156-ade1-47cf8ca5b625\" href=\"https:\/\/www.holstenschule.de\/info\/wp-content\/uploads\/2023\/12\/Individuelles_Abiturmodell_2024.pdf\">Individuelles_Abiturmodell_2024<\/a><a href=\"https:\/\/www.holstenschule.de\/info\/wp-content\/uploads\/2023\/12\/Individuelles_Abiturmodell_2024.pdf\" class=\"wp-block-file__button wp-element-button\" download aria-describedby=\"wp-block-file--media-8f42177d-f805-4156-ade1-47cf8ca5b625\">Herunterladen<\/a><\/div>\n\n\n\n<div class=\"wp-block-file\"><a id=\"wp-block-file--media-2f26fe51-81a4-4162-a3a2-4984c3c7e315\" href=\"https:\/\/www.holstenschule.de\/info\/wp-content\/uploads\/2023\/12\/Die-neue-Oberstufe_Broschuere.pdf\">Die-neue-Oberstufe_Broschuere<\/a><a href=\"https:\/\/www.holstenschule.de\/info\/wp-content\/uploads\/2023\/12\/Die-neue-Oberstufe_Broschuere.pdf\" class=\"wp-block-file__button wp-element-button\" download aria-describedby=\"wp-block-file--media-2f26fe51-81a4-4162-a3a2-4984c3c7e315\">Herunterladen<\/a><\/div>\n\n\n\n<div class=\"wp-block-file\"><a id=\"wp-block-file--media-8d5f1b04-24a7-4907-be5b-2d7afea0fe7c\" href=\"https:\/\/www.holstenschule.de\/info\/wp-content\/uploads\/2019\/11\/Infoflyer-Sportprofil-1.pdf\">Infoflyer-Sportprofil<\/a><a href=\"https:\/\/www.holstenschule.de\/info\/wp-content\/uploads\/2019\/11\/Infoflyer-Sportprofil-1.pdf\" class=\"wp-block-file__button wp-element-button\" download aria-describedby=\"wp-block-file--media-8d5f1b04-24a7-4907-be5b-2d7afea0fe7c\">Herunterladen<\/a><\/div>\n\n\n","protected":false},"excerpt":{"rendered":"<p>140 Sch\u00fclerinnen und Sch\u00fcler besuchen zurzeit unsere Oberstufe, deren Klassenr\u00e4ume sich im Oberstufenzentrum an der Wittorfer Stra\u00dfe befinden. Es gibt drei Parallelklassen im ersten und vier Klassen im zweiten Jahr der Qualifikationsphase. Einen E-Jahrgang haben wir zurzeit nicht, da der erste G9 Jahrgang jetzt die 10. Klasse absolviert. Das Profilangebot in den beiden Jahrg\u00e4ngen umfasst [&hellip;]<\/p>\n","protected":false},"author":3,"featured_media":0,"parent":0,"menu_order":0,"comment_status":"open","ping_status":"open","template":"page_jahrgangsstufen.php","meta":{"_uag_custom_page_level_css":"","advgb_blocks_editor_width":"","advgb_blocks_columns_visual_guide":"","footnotes":""},"class_list":["post-859","page","type-page","status-publish","hentry"],"uagb_featured_image_src":{"full":false,"thumbnail":false,"medium":false,"medium_large":false,"large":false,"1536x1536":false,"2048x2048":false},"uagb_author_info":{"display_name":"Birgit Heyen","author_link":"https:\/\/www.holstenschule.de\/info\/author\/adminhs2013\/"},"uagb_comment_info":0,"uagb_excerpt":"140 Sch\u00fclerinnen und Sch\u00fcler besuchen zurzeit unsere Oberstufe, deren Klassenr\u00e4ume sich im Oberstufenzentrum an der Wittorfer Stra\u00dfe befinden. Es gibt drei Parallelklassen im ersten und vier Klassen im zweiten Jahr der Qualifikationsphase. Einen E-Jahrgang haben wir zurzeit nicht, da der erste G9 Jahrgang jetzt die 10. Klasse absolviert. Das Profilangebot in den beiden Jahrg\u00e4ngen umfasst&hellip;","coauthors":[],"author_meta":{"author_link":"https:\/\/www.holstenschule.de\/info\/author\/adminhs2013\/","display_name":"Birgit Heyen"},"relative_dates":{"created":"Posted 12\u00a0Jahren ago","modified":"Updated 7\u00a0Monaten ago"},"absolute_dates":{"created":"Posted on 18. Dezember 2013","modified":"Updated on 23. September 2025"},"absolute_dates_time":{"created":"Posted on 18. Dezember 2013 15:16","modified":"Updated on 23. September 2025 11:55"},"featured_img_caption":"","featured_img":false,"series_order":"","_links":{"self":[{"href":"https:\/\/www.holstenschule.de\/info\/wp-json\/wp\/v2\/pages\/859","targetHints":{"allow":["GET"]}}],"collection":[{"href":"https:\/\/www.holstenschule.de\/info\/wp-json\/wp\/v2\/pages"}],"about":[{"href":"https:\/\/www.holstenschule.de\/info\/wp-json\/wp\/v2\/types\/page"}],"author":[{"embeddable":true,"href":"https:\/\/www.holstenschule.de\/info\/wp-json\/wp\/v2\/users\/3"}],"replies":[{"embeddable":true,"href":"https:\/\/www.holstenschule.de\/info\/wp-json\/wp\/v2\/comments?post=859"}],"version-history":[{"count":8,"href":"https:\/\/www.holstenschule.de\/info\/wp-json\/wp\/v2\/pages\/859\/revisions"}],"predecessor-version":[{"id":23044,"href":"https:\/\/www.holstenschule.de\/info\/wp-json\/wp\/v2\/pages\/859\/revisions\/23044"}],"wp:attachment":[{"href":"https:\/\/www.holstenschule.de\/info\/wp-json\/wp\/v2\/media?parent=859"}],"curies":[{"name":"wp","href":"https:\/\/api.w.org\/{rel}","templated":true}]}}

<p>140 Schülerinnen und Schüler besuchen zurzeit unsere Oberstufe, deren Klassenräume sich im Oberstufenzentrum an der Wittorfer Straße befinden. Es gibt drei Parallelklassen im ersten und vier Klassen im zweiten Jahr der Qualifikationsphase. Einen E-Jahrgang haben wir zurzeit nicht, da der erste G9 Jahrgang jetzt die 10. Klasse absolviert.</p>



<p>Das Profilangebot in den beiden Jahrgängen umfasst neben sprachlichen, naturwissenschaftlichen und gesellschaftswissenschaftlichen Profilen auch Kunst- und Sportprofile. Die Übersicht über die aktuell in der Einführungsphase angebotenen Profile (mit den jeweiligen profilgebenden und weiteren Fächern) und die entsprechenden Übersichten für die Q1-Klassen und die Q2-Klassen stehen als pdf-Dokument unten auf dieser Seite zur Verfügung.  </p>



<figure class="wp-block-image size-large"><img loading="lazy" decoding="async" width="673" height="442" src="https://www.holstenschule.de/info/wp-content/uploads/2021/12/Die-Profiloberstufe-an-der-Holstenschule.jpg" alt="" class="wp-image-18747" srcset="https://www.holstenschule.de/info/wp-content/uploads/2021/12/Die-Profiloberstufe-an-der-Holstenschule.jpg 673w, https://www.holstenschule.de/info/wp-content/uploads/2021/12/Die-Profiloberstufe-an-der-Holstenschule-400x263.jpg 400w" sizes="auto, (max-width: 673px) 100vw, 673px" /></figure>



<p>Das Profilangebot wird jeweils im Februar / März nach den Wünschen der Schülerinnen und Schüler zusammengestellt. Um möglichst vielen ein interessantes Angebot machen zu können, haben wir in der Vergangenheit auch mehrfach zwei Profile in einer Klasse anbieten können, so dass es in den jeweiligen Jahrgängen mehr Profile als Parallelklassen gibt. Neben Schülerinnen und Schülern, die seit der 5. Klasse zu unserer Schule gehören, besuchen auch viele Schülerinnen und Schüler, die einen Mittleren Schulabschluss an einer Gemeinschaftsschule absolviert haben, unsere Oberstufe und streben die Fachhochschulreife oder das Abitur an. Eine Bewerbungsfrist gibt es hierfür nicht, es hat sich in den vergangenen Jahren aber bewährt, dass interessierte Schülerinnen und Schüler sich mit ihrem Halbjahreszeugnis der 10. Klasse formlos bewerben, damit sie, wenn ihre Leistungen ein erfolgreiches Arbeiten in der Oberstufe wahrscheinlich machen, frühzeitig in die Planung für das neue Schuljahr aufgenommen werden können.  </p>



<p>Abschließend sei noch einiges zu den rechtlichen Rahmenbedingungen gesagt, die durch die OAPVO geregelt sind. Der Zugang zu Oberstufe wird möglich durch die Versetzung in die gymnasiale Oberstufe oder durch einen qualifizierten Mittleren Schulabschluss. Am Ende der Einführungsphase erfolgt die Versetzung in die Qualifikationsphase, wenn in allen Fächern mindestens ausreichende Leistungen und in maximal einem Fach mangelhafte Leistungen erbracht worden sind. Nach dem ersten Jahr der Qualifikationsphase wird in der Regel mit den Zeugnisnoten aus den beiden Halbjahren der schulische Teil der Fachhochschulreife erworben. Am Abschluss des 2. Jahres der Qualifikationsphase steht das Abitur, dessen Note sich im Verhältnis 2 zu 1 aus den Vorleistungen der Halbjahreszeugnisse der Qualifikationsphase einerseits und den Ergebnissen der schriftlichen und mündlichen Abiturprüfung andererseits zusammensetzen.</p>



<h3 class="wp-block-heading">Studienfahrten</h3>



<div class="wp-block-media-text alignwide has-media-on-the-right is-stacked-on-mobile" style="grid-template-columns:auto 22%"><div class="wp-block-media-text__content">
<p>In der Oberstufe finden am Ende von Q1 oder zu Beginn von Q2 Klassenfahrten mit Profilbezug in das europäische Ausland mit kulturellem (oder auch sportlichem) Programm statt. Die Schüler*innen sind aktiv an der Vorbereitung des Programms ihrer Studienreise beteiligt und gestalten dieses vor Ort mit. Barcelona, Lissabon, Rom, Prag, Krakau, die Toskana, Slowenien und der Gardasee seien hier beispielhaft als Ziele der letzten Jahrgänge erwähnt.  </p>
</div><figure class="wp-block-media-text__media"><img loading="lazy" decoding="async" width="597" height="896" src="https://www.holstenschule.de/info/wp-content/uploads/2019/11/studienfahrt2019-597x896.jpg" alt="" class="wp-image-15886 size-full" srcset="https://www.holstenschule.de/info/wp-content/uploads/2019/11/studienfahrt2019-597x896.jpg 597w, https://www.holstenschule.de/info/wp-content/uploads/2019/11/studienfahrt2019-267x400.jpg 267w, https://www.holstenschule.de/info/wp-content/uploads/2019/11/studienfahrt2019.jpg 600w" sizes="auto, (max-width: 597px) 100vw, 597px" /></figure></div>





<figure class="wp-block-image size-large"><img loading="lazy" decoding="async" width="896" height="644" src="https://www.holstenschule.de/info/wp-content/uploads/2023/12/exkursion_sportprofil-896x644.jpg" alt="" class="wp-image-20774" srcset="https://www.holstenschule.de/info/wp-content/uploads/2023/12/exkursion_sportprofil-896x644.jpg 896w, https://www.holstenschule.de/info/wp-content/uploads/2023/12/exkursion_sportprofil-400x287.jpg 400w, https://www.holstenschule.de/info/wp-content/uploads/2023/12/exkursion_sportprofil-768x552.jpg 768w, https://www.holstenschule.de/info/wp-content/uploads/2023/12/exkursion_sportprofil-1536x1103.jpg 1536w, https://www.holstenschule.de/info/wp-content/uploads/2023/12/exkursion_sportprofil.jpg 2048w" sizes="auto, (max-width: 896px) 100vw, 896px" /></figure>



<p class="has-text-align-center">Exkursion des Sportprofils</p>



<p>Weitere Informationen zur Oberstufe und zum Abitur können Sie den folgenden PDF-Dokumenten entnehmen.</p>



<div style="height:20px" aria-hidden="true" class="wp-block-spacer"></div>



<h4 class="wp-block-heading">Dateien zum Download:</h4>



<div style="height:20px" aria-hidden="true" class="wp-block-spacer"></div>



<div class="wp-block-file"><a id="wp-block-file--media-ae8c508b-4d91-4620-b005-d577df70a3d3" href="https://www.holstenschule.de/info/wp-content/uploads/2025/09/Profiluebersichten2025_26.pdf" target="_blank" rel="noreferrer noopener">Profilübersichten2025_26</a><a href="https://www.holstenschule.de/info/wp-content/uploads/2025/09/Profiluebersichten2025_26.pdf" class="wp-block-file__button wp-element-button" download aria-describedby="wp-block-file--media-ae8c508b-4d91-4620-b005-d577df70a3d3">Herunterladen</a></div>



<div class="wp-block-file"><a id="wp-block-file--media-a887a77d-69e2-4de3-99de-e4d26df8d002" href="http://new2019.holstenschule.de/wordpress/wp-content/uploads/2019/11/Ergebnisse-der-Arbeitsgruppe-Studienfahrten.pdf">Ergebnisse-der-Arbeitsgruppe-Studienfahrten</a><a href="http://new2019.holstenschule.de/wordpress/wp-content/uploads/2019/11/Ergebnisse-der-Arbeitsgruppe-Studienfahrten.pdf" class="wp-block-file__button wp-element-button" download aria-describedby="wp-block-file--media-a887a77d-69e2-4de3-99de-e4d26df8d002">Herunterladen</a></div>



<div class="wp-block-file"><a id="wp-block-file--media-e4af07f0-17d1-4aba-88a2-3dfa92422dbc" href="https://www.holstenschule.de/info/wp-content/uploads/2023/12/FHR_Erwerb_Neu2023.pdf">Fachhochschulreife-Erwerb-2023</a><a href="https://www.holstenschule.de/info/wp-content/uploads/2023/12/FHR_Erwerb_Neu2023.pdf" class="wp-block-file__button wp-element-button" download aria-describedby="wp-block-file--media-e4af07f0-17d1-4aba-88a2-3dfa92422dbc">Herunterladen</a></div>



<div class="wp-block-file"><a id="wp-block-file--media-8f42177d-f805-4156-ade1-47cf8ca5b625" href="https://www.holstenschule.de/info/wp-content/uploads/2023/12/Individuelles_Abiturmodell_2024.pdf">Individuelles_Abiturmodell_2024</a><a href="https://www.holstenschule.de/info/wp-content/uploads/2023/12/Individuelles_Abiturmodell_2024.pdf" class="wp-block-file__button wp-element-button" download aria-describedby="wp-block-file--media-8f42177d-f805-4156-ade1-47cf8ca5b625">Herunterladen</a></div>



<div class="wp-block-file"><a id="wp-block-file--media-2f26fe51-81a4-4162-a3a2-4984c3c7e315" href="https://www.holstenschule.de/info/wp-content/uploads/2023/12/Die-neue-Oberstufe_Broschuere.pdf">Die-neue-Oberstufe_Broschuere</a><a href="https://www.holstenschule.de/info/wp-content/uploads/2023/12/Die-neue-Oberstufe_Broschuere.pdf" class="wp-block-file__button wp-element-button" download aria-describedby="wp-block-file--media-2f26fe51-81a4-4162-a3a2-4984c3c7e315">Herunterladen</a></div>



<div class="wp-block-file"><a id="wp-block-file--media-8d5f1b04-24a7-4907-be5b-2d7afea0fe7c" href="https://www.holstenschule.de/info/wp-content/uploads/2019/11/Infoflyer-Sportprofil-1.pdf">Infoflyer-Sportprofil</a><a href="https://www.holstenschule.de/info/wp-content/uploads/2019/11/Infoflyer-Sportprofil-1.pdf" class="wp-block-file__button wp-element-button" download aria-describedby="wp-block-file--media-8d5f1b04-24a7-4907-be5b-2d7afea0fe7c">Herunterladen</a></div>

<p>140 Schülerinnen und Schüler besuchen zurzeit unsere Oberstufe, deren Klassenräume sich im Oberstufenzentrum an der Wittorfer Straße befinden. Es gibt drei Parallelklassen im ersten und vier Klassen im zweiten Jahr der Qualifikationsphase. Einen E-Jahrgang haben wir zurzeit nicht, da der erste G9 Jahrgang jetzt die 10. Klasse absolviert. Das Profilangebot in den beiden Jahrgängen umfasst [&hellip;]</p>

140 Schülerinnen und Schüler besuchen zurzeit unsere Oberstufe, deren Klassenräume sich im Oberstufenzentrum an der Wittorfer Straße befinden. Es gibt drei Parallelklassen im ersten und vier Klassen im zweiten Jahr der Qualifikationsphase. Einen E-Jahrgang haben wir zurzeit nicht, da der erste G9 Jahrgang jetzt die 10. Klasse absolviert. Das Profilangebot in den beiden Jahrgängen umfasst&hellip;
