{"id":663,"date":"2013-12-06T22:09:46","date_gmt":"2013-12-06T21:09:46","guid":{"rendered":"http:\/\/www.holstenschule.de\/info\/?page_id=663"},"modified":"2025-09-18T20:12:31","modified_gmt":"2025-09-18T18:12:31","slug":"arbeitsgemeinschaften","status":"publish","type":"page","link":"https:\/\/www.holstenschule.de\/info\/arbeitsgemeinschaften\/","title":{"rendered":"Arbeitsgemeinschaften"},"content":{"rendered":"\n<p>Unser Angebot an Arbeitsgemeinschaften (AGs) richtet sich an die Sch\u00fclerinnen und Sch\u00fcler aller Klassen und Stufen. Alle AGs sollen ein Angebot sein f\u00fcr Kinder, die gefordert werden wollen, aber genauso auch f\u00fcr Kinder, die neben dem Unterricht Angebote finden k\u00f6nnen, die ihre Interessen und F\u00e4higkeiten weiter vertiefen und f\u00f6rdern.<\/p>\n\n\n\n<div style=\"height:20px\" aria-hidden=\"true\" class=\"wp-block-spacer\"><\/div>\n\n\n\n<h3 class=\"wp-block-heading\">Arbeitsgemeinschaften im Schuljahr 2025\/2026<\/h3>\n\n\n\n<div class=\"wp-block-kadence-tabs alignnone\"><div class=\"kt-tabs-wrap kt-tabs-id663_85e2da-be kt-tabs-has-6-tabs kt-active-tab-1 kt-tabs-layout-tabs kt-tabs-tablet-layout-inherit kt-tabs-mobile-layout-inherit kt-tab-alignment-left \"><ul class=\"kt-tabs-title-list\"><li id=\"tab-strongmontagsstrong\" class=\"kt-title-item kt-title-item-1 kt-tabs-svg-show-always kt-tabs-icon-side-right kt-tab-title-active\"><a href=\"#tab-strongmontagsstrong\" data-tab=\"1\" class=\"kt-tab-title kt-tab-title-1 \"><span class=\"kt-title-text\"><strong>montags<\/strong><\/span><\/a><\/li><li id=\"tab-strongdienstagsstrong\" class=\"kt-title-item kt-title-item-2 kt-tabs-svg-show-always kt-tabs-icon-side-right kt-tab-title-inactive\"><a href=\"#tab-strongdienstagsstrong\" data-tab=\"2\" class=\"kt-tab-title kt-tab-title-2 \"><span class=\"kt-title-text\"><strong>dienstags<\/strong><\/span><\/a><\/li><li id=\"tab-strongmittwochsstrong\" class=\"kt-title-item kt-title-item-3 kt-tabs-svg-show-always kt-tabs-icon-side-right kt-tab-title-inactive\"><a href=\"#tab-strongmittwochsstrong\" data-tab=\"3\" class=\"kt-tab-title kt-tab-title-3 \"><span class=\"kt-title-text\"><strong>mittwochs<\/strong><\/span><\/a><\/li><li id=\"tab-strongdonnerstagsstrong\" class=\"kt-title-item kt-title-item-4 kt-tabs-svg-show-always kt-tabs-icon-side-right kt-tab-title-inactive\"><a href=\"#tab-strongdonnerstagsstrong\" data-tab=\"4\" class=\"kt-tab-title kt-tab-title-4 \"><span class=\"kt-title-text\"><strong>donnerstags<\/strong><\/span><\/a><\/li><li id=\"tab-strongfreitagsstrong\" class=\"kt-title-item kt-title-item-5 kt-tabs-svg-show-always kt-tabs-icon-side-right kt-tab-title-inactive\"><a href=\"#tab-strongfreitagsstrong\" data-tab=\"5\" class=\"kt-tab-title kt-tab-title-5 \"><span class=\"kt-title-text\"><strong>freitags<\/strong><\/span><\/a><\/li><li id=\"tab-strongnachvereinbarungstrong\" class=\"kt-title-item kt-title-item-6 kt-tabs-svg-show-always kt-tabs-icon-side-right kt-tab-title-inactive\"><a href=\"#tab-strongnachvereinbarungstrong\" data-tab=\"6\" class=\"kt-tab-title kt-tab-title-6 \"><span class=\"kt-title-text\"><strong>nach Vereinbarung<\/strong><\/span><\/a><\/li><\/ul><div class=\"kt-tabs-content-wrap\">\n<div class=\"wp-block-kadence-tab kt-tab-inner-content kt-inner-tab-1 kt-inner-tabdfbb84-63\"><div class=\"kt-tab-inner-content-inner\">\n<h3 class=\"wp-block-heading\">AGs am Montag<\/h3>\n\n\n\n<p><strong>MedienScouts<\/strong><br \/>Zeit: 7. Std.<br \/>Raum: R4<br \/>Leitung: Herr Riefle<br \/>Klassenstufen: 8 \u2013 Q2<br \/>Es gibt drei Untergruppen: Socials, Reporter*innen, Techniker*innen<\/p>\n\n\n\n<p><strong>Badminton-AG<\/strong><br \/>Zeit: 13:15 \u2013 14:30 Uhr<br \/>Raum: gro\u00dfe Sporthalle<br \/>Leitung: Frau Tutta\u00df und Frau Kukla <br \/>Klassenstufen: 5 \u2013 Q2 <\/p>\n\n\n\n<p><strong>Band-AG<\/strong><br \/>Zeit: 13:15 \u2013 14:30 Uhr<br \/>Raum: Mus1<br \/>Leitung: Herr Aderhold<br \/>Klassenstufen: 8 &#8211; Q2<br \/>Voraussetzungen: Du solltest schon ein Instrument spielen oder gerne und gut singen k\u00f6nnen.<\/p>\n\n\n\n<p><strong>AG Fit f\u00fcrs Leben<\/strong><\/p>\n\n\n\n<p>Zeit: 14:00 \u2013 15:00 Uhr<br \/>Raum: Bio1<br \/>Leitung: Frau Kapp<br \/>Klassenstufen: 5 \u2013 7<\/p>\n<\/div><\/div>\n\n\n\n<div class=\"wp-block-kadence-tab kt-tab-inner-content kt-inner-tab-3 kt-inner-tabf56e75-c7\"><div class=\"kt-tab-inner-content-inner\">\n<h3 class=\"wp-block-heading\">AGs am Mittwoch<\/h3>\n\n\n\n<p>Mittwochs finden zur Zeit keine AGs statt.<br \/><\/p>\n<\/div><\/div>\n\n\n\n<div class=\"wp-block-kadence-tab kt-tab-inner-content kt-inner-tab-4 kt-inner-tab07f27a-15\"><div class=\"kt-tab-inner-content-inner\">\n<h3 class=\"wp-block-heading\">AGs am Donnerstag<\/h3>\n\n\n\n<p><strong>Lauf-AG<br \/><\/strong>Zeit: 13:15 \u2013 14:00 Uhr<br \/>Raum: kleine Sporthalle<br \/>Leitung: Herr Hartwig<br \/>Klassenstufen: 5 &#8211; 7<\/p>\n\n\n\n<p><strong>Naturforscher*innen-AG<\/strong><\/p>\n\n\n\n<p>Zeit: 14:00 &#8211; 15:00 Uhr<br \/>Raum: Bio 1<br \/>Leitung: Herr Wagner<br \/>Klassenstufen: 5 bis 7<\/p>\n\n\n\n<p><strong>Schach-AG<\/strong><\/p>\n\n\n\n<p>Zeit: 13:15 &#8211; 15:00 Uhr<br \/>Raum: R8<br \/>Leitung: Herr Mieck<br \/>Klassenstufen: 5 bis 10<\/p>\n\n\n\n<p><strong>Kicken und Lesen<\/strong><\/p>\n\n\n\n<p>Zeit: 14:30 &#8211; 15:30 Uhr<br \/>Raum: Treffpunkt vor der kleinen Sporthalle<br \/>Leitung: Herr Rohwer<br \/>Klassenstufen: 5 bis 8<\/p>\n<\/div><\/div>\n\n\n\n<div class=\"wp-block-kadence-tab kt-tab-inner-content kt-inner-tab-5 kt-inner-tab617e92-7c\"><div class=\"kt-tab-inner-content-inner\">\n<h3 class=\"wp-block-heading\">AGs am Freitag<\/h3>\n\n\n\n<p><strong>N\u00e4h-AG<\/strong><br \/>Zeit: 7. und 8. Std.<br \/>Raum: H3<br \/>Leitung: Frau Holm<br \/>Klassenstufen: 5 \u2013 Q2<br \/>Anmeldung unter<strong> annika.holm(at)schule-sh.de<\/strong><\/p>\n<\/div><\/div>\n\n\n\n<div class=\"wp-block-kadence-tab kt-tab-inner-content kt-inner-tab-2 kt-inner-tab73507d-94\"><div class=\"kt-tab-inner-content-inner\">\n<h3 class=\"wp-block-heading\">AGs am Dienstag<\/h3>\n\n\n\n<p><strong>Chor-AG<\/strong><br \/>Zeit: 1. Std.<br \/>Raum: Mus1<br \/>Leitung: Herr Aderhold und Herr Riefle<br \/>Klassenstufen: 8 \u2013 Q2<br \/>Gerne f\u00fcr eine Schnupperstunde vorbeikommen<\/p>\n\n\n\n<p><strong>AG Debattieren<\/strong><br \/>Zeit: 1. Std.<br \/>Raum: R26<br \/>Leitung: Herr Drenckhahn<br \/>Klassenstufen: 8 \u2013 9<\/p>\n\n\n\n<p><\/p>\n<\/div><\/div>\n\n\n\n<div class=\"wp-block-kadence-tab kt-tab-inner-content kt-inner-tab-6 kt-inner-tab8d21a0-e7\"><div class=\"kt-tab-inner-content-inner\">\n<h3 class=\"wp-block-heading\">AGs nach Vereinbarung<\/h3>\n\n\n\n<p><strong>Veranstaltungstechnik-AG<\/strong><br \/>Termine nach Bedarf<br \/>Leitung: Herr Aderhold<br \/>Klassenstufe: 8 \u2013 Q2<\/p>\n\n\n\n<p><strong>Sch\u00fclerpaten<br \/><\/strong>Termine nach Bedarf<strong> <\/strong><br \/>Raum: Sch\u00fclerpaten- und Konfliktlotsenraum<br \/>Leitung: Frau Richter<br \/>Klassenstufe: 9 \u2013 Q2<\/p>\n\n\n\n<p><strong>Konfliktlotsen<\/strong><br \/>Termine nach Absprache<br \/>Raum: Sch\u00fclerpaten- und Konfliktlotsenraum<br \/>Leitung: Frau Sa\u00df und Frau Holm<br \/>Klassenstufen: 5 \u2013 Q2<\/p>\n\n\n\n<p><strong>MedienScouts<\/strong><br \/>Termine nach Absprache<br \/>Leitung: Herr Riefle<br \/>Klassenstufe: 8 \u2013 Q2<\/p>\n<\/div><\/div>\n<\/div><\/div><\/div>\n\n\n\n<p><\/p>\n<style class=\"advgb-styles-renderer\">.kt-tabs-id663_85e2da-be > .kt-tabs-content-wrap > .wp-block-kadence-tab{border-top:1px solid #bcbcbc;border-right:1px solid #bcbcbc;border-bottom:1px solid #bcbcbc;border-left:1px solid #bcbcbc;border-top-left-radius:0px;border-top-right-radius:0px;border-bottom-right-radius:0px;border-bottom-left-radius:0px;padding-top:20px;padding-right:20px;padding-bottom:20px;padding-left:20px;background:#ffffff;}.wp-block-kadence-tabs .kt-tabs-id663_85e2da-be > .kt-tabs-title-list li{margin-top:0px;margin-right:8px;margin-bottom:-1px;margin-left:0px;}.wp-block-kadence-tabs .kt-tabs-id663_85e2da-be > .kt-tabs-title-list li:last-child{margin-right:0px;}.wp-block-kadence-tabs .kt-tabs-id663_85e2da-be > .kt-tabs-title-list li .kt-tab-title, .wp-block-kadence-tabs .kt-tabs-id663_85e2da-be > .kt-tabs-content-wrap > .kt-tabs-accordion-title .kt-tab-title{line-height:1.4em;font-weight:regular;font-style:normal;border-top-width:1px;border-right-width:1px;border-bottom-width:0px;border-left-width:1px;border-top-left-radius:4px;border-top-right-radius:4px;border-bottom-right-radius:0px;border-bottom-left-radius:0px;padding-top:8px;padding-right:20px;padding-bottom:8px;padding-left:20px;border-color:#eeeeee;color:#444444;background:#ffffff;}.wp-block-kadence-tabs .kt-tabs-id663_85e2da-be > .kt-tabs-content-wrap > .kt-tabs-accordion-title .kt-tab-title{margin-top:0px;margin-right:8px;margin-bottom:-1px;margin-left:0px;}.wp-block-kadence-tabs .kt-tabs-id663_85e2da-be > .kt-tabs-title-list li .kt-tab-title:hover, .wp-block-kadence-tabs .kt-tabs-id663_85e2da-be > .kt-tabs-content-wrap > .kt-tabs-accordion-title .kt-tab-title:hover{border-color:#e2e2e2;color:#444444;background:#ffffff;}.wp-block-kadence-tabs .kt-tabs-id663_85e2da-be > .kt-tabs-title-list li.kt-tab-title-active .kt-tab-title, .wp-block-kadence-tabs .kt-tabs-id663_85e2da-be > .kt-tabs-content-wrap > .kt-tabs-accordion-title.kt-tab-title-active .kt-tab-title{border-color:#bcbcbc;color:#444444;background:#ffffff;}@media all and (max-width: 1024px){.kt-tabs-id663_85e2da-be > .kt-tabs-content-wrap > .wp-block-kadence-tab{border-top:1px solid #bcbcbc;border-right:1px solid #bcbcbc;border-bottom:1px solid #bcbcbc;border-left:1px solid #bcbcbc;}}@media all and (max-width: 767px){.kt-tabs-id663_85e2da-be > .kt-tabs-content-wrap > .wp-block-kadence-tab{border-top:1px solid #bcbcbc;border-right:1px solid #bcbcbc;border-bottom:1px solid #bcbcbc;border-left:1px solid #bcbcbc;}}<\/style>","protected":false},"excerpt":{"rendered":"<p>Unser Angebot an Arbeitsgemeinschaften (AGs) richtet sich an die Sch\u00fclerinnen und Sch\u00fcler aller Klassen und Stufen. Alle AGs sollen ein Angebot sein f\u00fcr Kinder, die gefordert werden wollen, aber genauso auch f\u00fcr Kinder, die neben dem Unterricht Angebote finden k\u00f6nnen, die ihre Interessen und F\u00e4higkeiten weiter vertiefen und f\u00f6rdern. Arbeitsgemeinschaften im Schuljahr 2025\/2026<\/p>\n","protected":false},"author":36,"featured_media":0,"parent":0,"menu_order":0,"comment_status":"open","ping_status":"open","template":"page_schueler.php","meta":{"_uag_custom_page_level_css":"","advgb_blocks_editor_width":"","advgb_blocks_columns_visual_guide":"","footnotes":""},"class_list":["post-663","page","type-page","status-publish","hentry"],"uagb_featured_image_src":{"full":false,"thumbnail":false,"medium":false,"medium_large":false,"large":false,"1536x1536":false,"2048x2048":false},"uagb_author_info":{"display_name":"Andreas Kohn","author_link":"https:\/\/www.holstenschule.de\/info\/author\/kn75\/"},"uagb_comment_info":0,"uagb_excerpt":"Unser Angebot an Arbeitsgemeinschaften (AGs) richtet sich an die Sch\u00fclerinnen und Sch\u00fcler aller Klassen und Stufen. Alle AGs sollen ein Angebot sein f\u00fcr Kinder, die gefordert werden wollen, aber genauso auch f\u00fcr Kinder, die neben dem Unterricht Angebote finden k\u00f6nnen, die ihre Interessen und F\u00e4higkeiten weiter vertiefen und f\u00f6rdern. Arbeitsgemeinschaften im Schuljahr 2025\/2026","coauthors":[],"author_meta":{"author_link":"https:\/\/www.holstenschule.de\/info\/author\/kn75\/","display_name":"Andreas Kohn"},"relative_dates":{"created":"Posted 12\u00a0Jahren ago","modified":"Updated 7\u00a0Monaten ago"},"absolute_dates":{"created":"Posted on 6. Dezember 2013","modified":"Updated on 18. September 2025"},"absolute_dates_time":{"created":"Posted on 6. Dezember 2013 22:09","modified":"Updated on 18. September 2025 20:12"},"featured_img_caption":"","featured_img":false,"series_order":"","_links":{"self":[{"href":"https:\/\/www.holstenschule.de\/info\/wp-json\/wp\/v2\/pages\/663","targetHints":{"allow":["GET"]}}],"collection":[{"href":"https:\/\/www.holstenschule.de\/info\/wp-json\/wp\/v2\/pages"}],"about":[{"href":"https:\/\/www.holstenschule.de\/info\/wp-json\/wp\/v2\/types\/page"}],"author":[{"embeddable":true,"href":"https:\/\/www.holstenschule.de\/info\/wp-json\/wp\/v2\/users\/36"}],"replies":[{"embeddable":true,"href":"https:\/\/www.holstenschule.de\/info\/wp-json\/wp\/v2\/comments?post=663"}],"version-history":[{"count":67,"href":"https:\/\/www.holstenschule.de\/info\/wp-json\/wp\/v2\/pages\/663\/revisions"}],"predecessor-version":[{"id":23027,"href":"https:\/\/www.holstenschule.de\/info\/wp-json\/wp\/v2\/pages\/663\/revisions\/23027"}],"wp:attachment":[{"href":"https:\/\/www.holstenschule.de\/info\/wp-json\/wp\/v2\/media?parent=663"}],"curies":[{"name":"wp","href":"https:\/\/api.w.org\/{rel}","templated":true}]}}

<p>Unser Angebot an Arbeitsgemeinschaften (AGs) richtet sich an die Schülerinnen und Schüler aller Klassen und Stufen. Alle AGs sollen ein Angebot sein für Kinder, die gefordert werden wollen, aber genauso auch für Kinder, die neben dem Unterricht Angebote finden können, die ihre Interessen und Fähigkeiten weiter vertiefen und fördern.</p>



<div style="height:20px" aria-hidden="true" class="wp-block-spacer"></div>



<h3 class="wp-block-heading">Arbeitsgemeinschaften im Schuljahr 2025/2026</h3>



<div class="wp-block-kadence-tabs alignnone"><div class="kt-tabs-wrap kt-tabs-id663_85e2da-be kt-tabs-has-6-tabs kt-active-tab-1 kt-tabs-layout-tabs kt-tabs-tablet-layout-inherit kt-tabs-mobile-layout-inherit kt-tab-alignment-left "><ul class="kt-tabs-title-list"><li id="tab-strongmontagsstrong" class="kt-title-item kt-title-item-1 kt-tabs-svg-show-always kt-tabs-icon-side-right kt-tab-title-active"><a href="#tab-strongmontagsstrong" data-tab="1" class="kt-tab-title kt-tab-title-1 "><span class="kt-title-text"><strong>montags</strong></span></a></li><li id="tab-strongdienstagsstrong" class="kt-title-item kt-title-item-2 kt-tabs-svg-show-always kt-tabs-icon-side-right kt-tab-title-inactive"><a href="#tab-strongdienstagsstrong" data-tab="2" class="kt-tab-title kt-tab-title-2 "><span class="kt-title-text"><strong>dienstags</strong></span></a></li><li id="tab-strongmittwochsstrong" class="kt-title-item kt-title-item-3 kt-tabs-svg-show-always kt-tabs-icon-side-right kt-tab-title-inactive"><a href="#tab-strongmittwochsstrong" data-tab="3" class="kt-tab-title kt-tab-title-3 "><span class="kt-title-text"><strong>mittwochs</strong></span></a></li><li id="tab-strongdonnerstagsstrong" class="kt-title-item kt-title-item-4 kt-tabs-svg-show-always kt-tabs-icon-side-right kt-tab-title-inactive"><a href="#tab-strongdonnerstagsstrong" data-tab="4" class="kt-tab-title kt-tab-title-4 "><span class="kt-title-text"><strong>donnerstags</strong></span></a></li><li id="tab-strongfreitagsstrong" class="kt-title-item kt-title-item-5 kt-tabs-svg-show-always kt-tabs-icon-side-right kt-tab-title-inactive"><a href="#tab-strongfreitagsstrong" data-tab="5" class="kt-tab-title kt-tab-title-5 "><span class="kt-title-text"><strong>freitags</strong></span></a></li><li id="tab-strongnachvereinbarungstrong" class="kt-title-item kt-title-item-6 kt-tabs-svg-show-always kt-tabs-icon-side-right kt-tab-title-inactive"><a href="#tab-strongnachvereinbarungstrong" data-tab="6" class="kt-tab-title kt-tab-title-6 "><span class="kt-title-text"><strong>nach Vereinbarung</strong></span></a></li></ul><div class="kt-tabs-content-wrap">
<div class="wp-block-kadence-tab kt-tab-inner-content kt-inner-tab-1 kt-inner-tabdfbb84-63"><div class="kt-tab-inner-content-inner">
<h3 class="wp-block-heading">AGs am Montag</h3>



<p><strong>MedienScouts</strong><br />Zeit: 7. Std.<br />Raum: R4<br />Leitung: Herr Riefle<br />Klassenstufen: 8 – Q2<br />Es gibt drei Untergruppen: Socials, Reporter*innen, Techniker*innen</p>



<p><strong>Badminton-AG</strong><br />Zeit: 13:15 – 14:30 Uhr<br />Raum: große Sporthalle<br />Leitung: Frau Tuttaß und Frau Kukla <br />Klassenstufen: 5 – Q2 </p>



<p><strong>Band-AG</strong><br />Zeit: 13:15 – 14:30 Uhr<br />Raum: Mus1<br />Leitung: Herr Aderhold<br />Klassenstufen: 8 &#8211; Q2<br />Voraussetzungen: Du solltest schon ein Instrument spielen oder gerne und gut singen können.</p>



<p><strong>AG Fit fürs Leben</strong></p>



<p>Zeit: 14:00 – 15:00 Uhr<br />Raum: Bio1<br />Leitung: Frau Kapp<br />Klassenstufen: 5 – 7</p>
</div></div>



<div class="wp-block-kadence-tab kt-tab-inner-content kt-inner-tab-3 kt-inner-tabf56e75-c7"><div class="kt-tab-inner-content-inner">
<h3 class="wp-block-heading">AGs am Mittwoch</h3>



<p>Mittwochs finden zur Zeit keine AGs statt.<br /></p>
</div></div>



<div class="wp-block-kadence-tab kt-tab-inner-content kt-inner-tab-4 kt-inner-tab07f27a-15"><div class="kt-tab-inner-content-inner">
<h3 class="wp-block-heading">AGs am Donnerstag</h3>



<p><strong>Lauf-AG<br /></strong>Zeit: 13:15 – 14:00 Uhr<br />Raum: kleine Sporthalle<br />Leitung: Herr Hartwig<br />Klassenstufen: 5 &#8211; 7</p>



<p><strong>Naturforscher*innen-AG</strong></p>



<p>Zeit: 14:00 &#8211; 15:00 Uhr<br />Raum: Bio 1<br />Leitung: Herr Wagner<br />Klassenstufen: 5 bis 7</p>



<p><strong>Schach-AG</strong></p>



<p>Zeit: 13:15 &#8211; 15:00 Uhr<br />Raum: R8<br />Leitung: Herr Mieck<br />Klassenstufen: 5 bis 10</p>



<p><strong>Kicken und Lesen</strong></p>



<p>Zeit: 14:30 &#8211; 15:30 Uhr<br />Raum: Treffpunkt vor der kleinen Sporthalle<br />Leitung: Herr Rohwer<br />Klassenstufen: 5 bis 8</p>
</div></div>



<div class="wp-block-kadence-tab kt-tab-inner-content kt-inner-tab-5 kt-inner-tab617e92-7c"><div class="kt-tab-inner-content-inner">
<h3 class="wp-block-heading">AGs am Freitag</h3>



<p><strong>Näh-AG</strong><br />Zeit: 7. und 8. Std.<br />Raum: H3<br />Leitung: Frau Holm<br />Klassenstufen: 5 – Q2<br />Anmeldung unter<strong> annika.holm(at)schule-sh.de</strong></p>
</div></div>



<div class="wp-block-kadence-tab kt-tab-inner-content kt-inner-tab-2 kt-inner-tab73507d-94"><div class="kt-tab-inner-content-inner">
<h3 class="wp-block-heading">AGs am Dienstag</h3>



<p><strong>Chor-AG</strong><br />Zeit: 1. Std.<br />Raum: Mus1<br />Leitung: Herr Aderhold und Herr Riefle<br />Klassenstufen: 8 – Q2<br />Gerne für eine Schnupperstunde vorbeikommen</p>



<p><strong>AG Debattieren</strong><br />Zeit: 1. Std.<br />Raum: R26<br />Leitung: Herr Drenckhahn<br />Klassenstufen: 8 – 9</p>



<p></p>
</div></div>



<div class="wp-block-kadence-tab kt-tab-inner-content kt-inner-tab-6 kt-inner-tab8d21a0-e7"><div class="kt-tab-inner-content-inner">
<h3 class="wp-block-heading">AGs nach Vereinbarung</h3>



<p><strong>Veranstaltungstechnik-AG</strong><br />Termine nach Bedarf<br />Leitung: Herr Aderhold<br />Klassenstufe: 8 – Q2</p>



<p><strong>Schülerpaten<br /></strong>Termine nach Bedarf<strong> </strong><br />Raum: Schülerpaten- und Konfliktlotsenraum<br />Leitung: Frau Richter<br />Klassenstufe: 9 – Q2</p>



<p><strong>Konfliktlotsen</strong><br />Termine nach Absprache<br />Raum: Schülerpaten- und Konfliktlotsenraum<br />Leitung: Frau Saß und Frau Holm<br />Klassenstufen: 5 – Q2</p>



<p><strong>MedienScouts</strong><br />Termine nach Absprache<br />Leitung: Herr Riefle<br />Klassenstufe: 8 – Q2</p>
</div></div>
</div></div></div>



<p></p>
<style class="advgb-styles-renderer">.kt-tabs-id663_85e2da-be > .kt-tabs-content-wrap > .wp-block-kadence-tab{border-top:1px solid #bcbcbc;border-right:1px solid #bcbcbc;border-bottom:1px solid #bcbcbc;border-left:1px solid #bcbcbc;border-top-left-radius:0px;border-top-right-radius:0px;border-bottom-right-radius:0px;border-bottom-left-radius:0px;padding-top:20px;padding-right:20px;padding-bottom:20px;padding-left:20px;background:#ffffff;}.wp-block-kadence-tabs .kt-tabs-id663_85e2da-be > .kt-tabs-title-list li{margin-top:0px;margin-right:8px;margin-bottom:-1px;margin-left:0px;}.wp-block-kadence-tabs .kt-tabs-id663_85e2da-be > .kt-tabs-title-list li:last-child{margin-right:0px;}.wp-block-kadence-tabs .kt-tabs-id663_85e2da-be > .kt-tabs-title-list li .kt-tab-title, .wp-block-kadence-tabs .kt-tabs-id663_85e2da-be > .kt-tabs-content-wrap > .kt-tabs-accordion-title .kt-tab-title{line-height:1.4em;font-weight:regular;font-style:normal;border-top-width:1px;border-right-width:1px;border-bottom-width:0px;border-left-width:1px;border-top-left-radius:4px;border-top-right-radius:4px;border-bottom-right-radius:0px;border-bottom-left-radius:0px;padding-top:8px;padding-right:20px;padding-bottom:8px;padding-left:20px;border-color:#eeeeee;color:#444444;background:#ffffff;}.wp-block-kadence-tabs .kt-tabs-id663_85e2da-be > .kt-tabs-content-wrap > .kt-tabs-accordion-title .kt-tab-title{margin-top:0px;margin-right:8px;margin-bottom:-1px;margin-left:0px;}.wp-block-kadence-tabs .kt-tabs-id663_85e2da-be > .kt-tabs-title-list li .kt-tab-title:hover, .wp-block-kadence-tabs .kt-tabs-id663_85e2da-be > .kt-tabs-content-wrap > .kt-tabs-accordion-title .kt-tab-title:hover{border-color:#e2e2e2;color:#444444;background:#ffffff;}.wp-block-kadence-tabs .kt-tabs-id663_85e2da-be > .kt-tabs-title-list li.kt-tab-title-active .kt-tab-title, .wp-block-kadence-tabs .kt-tabs-id663_85e2da-be > .kt-tabs-content-wrap > .kt-tabs-accordion-title.kt-tab-title-active .kt-tab-title{border-color:#bcbcbc;color:#444444;background:#ffffff;}@media all and (max-width: 1024px){.kt-tabs-id663_85e2da-be > .kt-tabs-content-wrap > .wp-block-kadence-tab{border-top:1px solid #bcbcbc;border-right:1px solid #bcbcbc;border-bottom:1px solid #bcbcbc;border-left:1px solid #bcbcbc;}}@media all and (max-width: 767px){.kt-tabs-id663_85e2da-be > .kt-tabs-content-wrap > .wp-block-kadence-tab{border-top:1px solid #bcbcbc;border-right:1px solid #bcbcbc;border-bottom:1px solid #bcbcbc;border-left:1px solid #bcbcbc;}}</style>

<p>Unser Angebot an Arbeitsgemeinschaften (AGs) richtet sich an die Schülerinnen und Schüler aller Klassen und Stufen. Alle AGs sollen ein Angebot sein für Kinder, die gefordert werden wollen, aber genauso auch für Kinder, die neben dem Unterricht Angebote finden können, die ihre Interessen und Fähigkeiten weiter vertiefen und fördern. Arbeitsgemeinschaften im Schuljahr 2025/2026</p>

Unser Angebot an Arbeitsgemeinschaften (AGs) richtet sich an die Schülerinnen und Schüler aller Klassen und Stufen. Alle AGs sollen ein Angebot sein für Kinder, die gefordert werden wollen, aber genauso auch für Kinder, die neben dem Unterricht Angebote finden können, die ihre Interessen und Fähigkeiten weiter vertiefen und fördern. Arbeitsgemeinschaften im Schuljahr 2025/2026
